{"id":6532,"date":"2021-05-21T07:56:36","date_gmt":"2021-05-21T07:56:36","guid":{"rendered":"https:\/\/www.swecobelgium.be\/showroom\/parkconsult-slimme-parkeeroplossingen\/"},"modified":"2025-02-11T12:39:59","modified_gmt":"2025-02-11T11:39:59","slug":"parkconsult-solutions-de-stationnement-intelligentes","status":"publish","type":"showroom_cpt","link":"https:\/\/www.swecobelgium.be\/fr\/projets\/parkconsult-solutions-de-stationnement-intelligentes\/","title":{"rendered":"Parkconsult: solutions de stationnement intelligentes"},"content":{"rendered":"<section class=\"block showroom-intro \" >\n\t<div class=\"showroom-intro__top\">\n\t\t<img width=\"1680\" height=\"800\" src=\"https:\/\/www.swecobelgium.be\/wp-content\/uploads\/sites\/12\/2021\/05\/Intro_kopie-1680x800.jpg\" class=\"showroom-intro__bg-img\" alt=\"\" fetchpriority=\"high\" decoding=\"async\" sizes=\"(max-width: 767px) 1080px, 1920px\" \/>\t\t\t<\/div>\n\n\t\t\n\t\t<div class=\"showroom-intro__meta\">\n\t\t\t\t\t\t<div class=\"showroom-intro__data\">\n\t\t\t\t\t\t\t<div class=\"showroom-intro__item editor-content\">\n\t\t\t\t\t<em>Parkconsult brochure<\/em>\t\t\t\t\t<p><a href=\"https:\/\/www.swecobelgium.be\/wp-content\/uploads\/sites\/12\/2021\/06\/parkconsult-brochure-fr.pdf\" target=\"_blank\">Parkconsult brochure<\/a><br><\/p>\t\t\t\t<\/div>\n\t\t\t\t\t<\/div>\n\t\t\t\t\t<\/div>\n\t\n<\/section>\n\n\n\n\n<section class=\"block cb block--white\" >\n\t<div class=\"block__inner cb__inner cb__inner--one\">\n\t<div class=\"col--12 col--center col--wrapper\">\n\t\t<div class=\"col col--6 editor-content\">\n\t\t\t<h1>Parkconsult: solutions de stationnement intelligentes<\/h1>\n<h3>Le stationnement. Un domaine o\u00f9 il faut r\u00e9unir des connaissances sur la mobilit\u00e9, l\u2019am\u00e9nagement du territoire, l\u2019immobilier, l\u2019architecture et l\u2019infrastructure. Parkconsult en fait sa sp\u00e9cialit\u00e9 et con\u00e7oit, avec vous, les meilleures solutions de stationnement : innovantes, durables, conviviales mais aussi abordables sur le plan technique et financier.<\/h3>\n<p>Nous accompagnons chaque phase du d\u00e9veloppement de nos conseils ind\u00e9pendants : de l\u2019id\u00e9e de d\u00e9part \u00e0 la maintenance en passant par la gestion. Et vous recueillez les fruits de <a href=\"https:\/\/www.swecobelgium.be\/fr\/transformation-numerique\/\">solutions intelligentes<\/a> couvrant tous les aspects du stationnement et les b\u00e9n\u00e9fices d\u2019une politique durable en la mati\u00e8re.<\/p>\n<section class=\"section\">\n<div id=\"react_mc5XdhMEUECylw0qpyid7w\">\n<div class=\"textblockexpandable\" data-reactroot=\"\" data-reactid=\"1\" data-react-checksum=\"-1571794775\">\n<div class=\"textblock\" data-reactid=\"2\">\n<div class=\"textblockexpandable__content-container\" data-reactid=\"5\">\n<div class=\"textblock__content\" data-reactid=\"6\">\n<div class=\"textblockexpandable__text\" data-reactid=\"7\">\n<div class=\"mainbody\" data-reactid=\"8\">\n<p>S\u2019attaquer efficacement aux probl\u00e8mes de stationnement exige de les envisager \u00e0 travers une vision globale. D\u2019oser remettre en question ce qui semble aller de soi. Les meilleurs r\u00e9sultats sont atteints en mettant en \u0153uvre diff\u00e9rentes mesures sur la base d\u2019une concertation avec toutes les parties concern\u00e9es. Parce que tout le monde y gagne. Nos sp\u00e9cialistes du stationnement cherchent le bon \u00e9quilibre entre tous les param\u00e8tres de la probl\u00e9matique du stationnement. Afin que la politique de stationnement choisie soit soutenue par l\u2019exploitant, les autorit\u00e9s et les utilisateurs.<\/p>\n<p><b>\u00c9tudes de stationnement<br \/>\n<\/b>Sweco r\u00e9alise pour vous des \u00e9tudes de stationnement classiques. Avec Mobile Mapping, nous analysons la capacit\u00e9 et l\u2019occupation de stationnement. Les r\u00e9sultats sont fournis dans des fichiers GIS. Pour que vous les compl\u00e9tiez et les traitiez \u00e0 votre guise.<\/p>\n<p><b>Politique et bilan de stationnement<br \/>\n<\/b>Sur la base des principes du <a href=\"https:\/\/www.swecobelgium.be\/fr\/durabilite\/\">d\u00e9veloppement durable<\/a>, Sweco a d\u00e9velopp\u00e9 un mod\u00e8le de calcul de la demande de stationnement. Le concept de double usage y joue un r\u00f4le crucial : comment et dans quelle mesure diff\u00e9rents publics cibles utilisent-ils les places de parking ? Le double usage permet en effet de planifier trente pour cent de places en moins. R\u00e9sultats : gains d\u2019espace et d\u2019argent et hausse des recettes par place de stationnement. Nous avons \u00e9tudi\u00e9 divers sc\u00e9narios de politique de stationnement pour la ville de Vilvoorde. Certains d\u2019entre eux pr\u00e9voyaient un immeuble de parking souterrain. Outre l\u2019impact sur la mobilit\u00e9, nous \u00e9tudions aussi la faisabilit\u00e9 technique et \u00e9conomique.<\/p>\n<p><b>Norme de stationnement<br \/>\n<\/b>De nombreuses villes et communes utilisent une norme de stationnement pour les nouveaux projets. Sweco en calcule les fondements scientifiques.<\/p>\n<p><b>Conception de garages<br \/>\n<\/b>Sweco se charge de la conception int\u00e9grale de parkings en surface, de garages souterrains et de parkings int\u00e9gr\u00e9s dans des b\u00e2timents. Nous cherchons toujours \u00e0 combiner id\u00e9alement l\u2019exploitation de l\u2019espace et le confort d\u2019utilisation. Pour ce faire, nous utilisons la check-list de l\u2019European Standard Parking Award (ESPA) pour \u00e9valuer les infrastructures de stationnement. Un exemple ? Sweco con\u00e7oit un parking pour quatre cents voitures sous la place Operaplein \u00e0 Anvers. Nous accompagnons l\u2019adjudication de la conception du projet. Nous \u00e9tudions l\u2019am\u00e9nagement, la stabilit\u00e9, les techniques architecturales et sp\u00e9ciales, comme la ventilation et les installations d\u2019\u00e9vacuation des fum\u00e9es et de la chaleur.<\/p>\n<p><b>Financement, gestion et exploitation<br \/>\n<\/b>Vous g\u00e9rez ou exploitez un parking ? D\u00e8s la phase de lancement, il importe de bien comprendre la faisabilit\u00e9 financi\u00e8re, les possibilit\u00e9s d\u2019exploitation et les diff\u00e9rents modes d\u2019organisation d\u2019un parking. Nous vous indiquons les t\u00e2ches qu\u2019il vaut mieux sous-traiter ou g\u00e9rer vous-m\u00eame. \u00c0 la demande de \u2018Kennisplatform Verkeer en Vervoer in Nederland\u2019, nous avons r\u00e9dig\u00e9 une note de discussion sur la sous-traitance des t\u00e2ches de parking. Nous y examinons le d\u00e9veloppement, la propri\u00e9t\u00e9, l\u2019exploitation et la gestion de garages. Diff\u00e9rentes communes belges et n\u00e9erlandaises y ont souscrit.<\/p>\n<p><b>Analyse co\u00fbts-b\u00e9n\u00e9fices des infrastructures de stationnement<br \/>\n<\/b>Sweco d\u00e9termine la valeur d\u2019un garage \u00e0 l\u2019aide d\u2019un mod\u00e8le de calcul qui tient compte des co\u00fbts de construction, de personnel et des frais g\u00e9n\u00e9raux, ainsi que des recettes. Il en r\u00e9sulte un niveau de rentabilit\u00e9 que nous \u00e9valuons \u00e0 l\u2019aune de la hauteur de l\u2019investissement. Et l\u2019on vous montre l\u2019impact de toute modification des param\u00e8tres.<\/p>\n<p><b>Garages temporaires<br \/>\n<\/b>Sweco recherche toujours des <a href=\"https:\/\/www.swecobelgium.be\/fr\/durabilite\/\">solutions durables<\/a> et novatrices. Avec Ballast Nedam, nous avons d\u00e9velopp\u00e9 un garage d\u00e9montable : 96 % des mat\u00e9riaux sont r\u00e9utilisables ! Id\u00e9al comme solution temporaire de stationnement. Apr\u00e8s usage, nous le d\u00e9montons, vendons, louons ou montons \u00e0 nouveau \u00e0 un autre endroit.<\/p>\n<p><b>Stationnement pour camions et v\u00e9los<br \/>\n<\/b>Et quid des camions qui stationnent sur la voie publique le soir ou le week-end ? Aux m\u00eames moments, les parkings des terrains industriels sont g\u00e9n\u00e9ralement vides. La solution logique est de combiner les deux situations. La ville de Bruges a demand\u00e9 \u00e0 Sweco d\u2019\u00e9tudier comment offrir \u00e0 ses habitants des parkings de v\u00e9los attrayants et s\u00e9curis\u00e9s pr\u00e8s de chez eux. Dans les ruelles \u00e9troites et les petites maisons de la ville, il n\u2019est pas toujours possible de ranger son v\u00e9lo. Nous avons analys\u00e9 le probl\u00e8me et identifi\u00e9 les possibilit\u00e9s de parking suppl\u00e9mentaires.<\/p>\n<\/div>\n<\/div>\n<\/div>\n<\/div>\n<\/div>\n<\/div>\n<\/div>\n<\/section>\n\t\t<\/div>\n\t<\/div>\n<\/div>\n<\/section>\n\n\n    <section class=\"block block--white contacts\" >\n        <div class=\"block__inner contacts__inner\">\n            <div class=\"col--11 col--wrapper col--stretch\">\n\t\t\t\t\t\t\t\t                    <div class=\"col col--6 person person--card--img\">\n                        <div class=\"person__inner\">\n\t\t\t\t\t\t\t<img loading=\"lazy\" decoding=\"async\" width=\"200\" height=\"270\" src=\"https:\/\/www.swecobelgium.be\/wp-content\/uploads\/sites\/12\/2021\/05\/Stefaan-Lumen-low-res-1200-px_200x270.jpg\" class=\"attachment-people-card size-people-card wp-post-image\" alt=\"\" srcset=\"https:\/\/www.swecobelgium.be\/wp-content\/uploads\/sites\/12\/2021\/05\/Stefaan-Lumen-low-res-1200-px_200x270.jpg 200w, https:\/\/www.swecobelgium.be\/wp-content\/uploads\/sites\/12\/2021\/05\/Stefaan-Lumen-low-res-1200-px_200x270-148x200.jpg 148w\" sizes=\"auto, (max-width: 200px) 100vw, 200px\" \/>                            <div class=\"person__content editor-content\">\n                                <p class=\"h4 hyphenate\">Stefaan Lumen<\/p>                                <em>Team Manager Centrum<\/em>\n\t\t\t\t\t\t\t\t\t\t\t\t\t\t\t\t\t<div class=\"person__contact\">\n\t\t\t\t\t\t\t\t\t\t\t\t\t\t\t\t\t\t\t\t\t<button class=\"btn btn__small btn__secondary contact-info-btn\" data_contact-id=\"10338\" data-email-subject=\"\">Show contact information<\/button>\n\t\t\t\t\t\t\t\t\t\t\t\t\t\t\t\t\t\t\t<\/div>\n\t\t\t\t\t\t\t\t                            <\/div>\n                        <\/div>\n                    <\/div>\n\t\t\t\t            <\/div>\n        <\/div>\n    <\/section>\n\n\n    <section class=\"block block--white related-content\" >\n        <div class=\"block__inner related-content__inner\">\n            <div class=\"col--11 col--wrapper col--start col--stretch col--bottom \">\n                                    <div class=\"col col--12 editor-content related-content__title\">\n                        <h3 class=\"h3 hyphenate\">Projets associ\u00e9s<\/h3>                    <\/div>\n                \n                                    <div class=\"col col--4 item item--img\">\n\n                                                    <a href=\"https:\/\/www.swecobelgium.be\/fr\/projets\/la-feuille-de-route-2030-pour-la-zone-de-transport-anvers\/\" title=\"La feuille de route 2030 pour la zone de transport Anvers\" >\n                                <div class=\"item__title\">\n                                    <p class=\"h4 hyphenate\">La feuille de route 2030 pour la zone de transport Anvers<\/p>                                    <p class=\"item__title--info\">\n                                                                                                                                                            <\/p>\n                                <\/div>\n                                <figure class=\"item__image\">\n                                    <img loading=\"lazy\" decoding=\"async\" width=\"520\" height=\"296\" src=\"https:\/\/www.swecobelgium.be\/wp-content\/uploads\/sites\/12\/2021\/01\/vervoerregio-antwerpen-1680x1000-1-520x296.jpg\" class=\"attachment-insights-featured size-insights-featured\" alt=\"\" \/>                                <\/figure>\n                            <\/a>\n                        \n                                            <\/div>\n                                    <div class=\"col col--4 item item--img\">\n\n                                                    <a href=\"https:\/\/www.swecobelgium.be\/fr\/projets\/amenagement-de-la-ligne-de-tram-9-et-reamenagement-de-lespace-public\/\" title=\"Am\u00e9nagement de la ligne de tram 9 et r\u00e9am\u00e9nagement de l\u2019espace public\" >\n                                <div class=\"item__title\">\n                                    <p class=\"h4 hyphenate\">Am\u00e9nagement de la ligne de tram 9 et r\u00e9am\u00e9nagement de l\u2019espace public<\/p>                                    <p class=\"item__title--info\">\n                                                                                                                                                            <\/p>\n                                <\/div>\n                                <figure class=\"item__image\">\n                                    <img loading=\"lazy\" decoding=\"async\" width=\"520\" height=\"296\" src=\"https:\/\/www.swecobelgium.be\/wp-content\/uploads\/sites\/12\/2021\/05\/TOM42117_2500-520x296.jpg\" class=\"attachment-insights-featured size-insights-featured\" alt=\"\" \/>                                <\/figure>\n                            <\/a>\n                        \n                                            <\/div>\n                \n                            <\/div>\n        <\/div>\n    <\/section>\n","protected":false},"excerpt":{"rendered":"","protected":false},"featured_media":5152,"template":"","showroom_cats":[172],"showroom_expertise":[],"showroom_partners":[],"showroom_location":[],"showroom_client":[],"class_list":["post-6532","showroom_cpt","type-showroom_cpt","status-publish","has-post-thumbnail","hentry","showroom_cats-transport-mobilite"],"acf":[],"_links":{"self":[{"href":"https:\/\/www.swecobelgium.be\/fr\/wp-json\/wp\/v2\/showroom_cpt\/6532","targetHints":{"allow":["GET"]}}],"collection":[{"href":"https:\/\/www.swecobelgium.be\/fr\/wp-json\/wp\/v2\/showroom_cpt"}],"about":[{"href":"https:\/\/www.swecobelgium.be\/fr\/wp-json\/wp\/v2\/types\/showroom_cpt"}],"wp:featuredmedia":[{"embeddable":true,"href":"https:\/\/www.swecobelgium.be\/fr\/wp-json\/wp\/v2\/media\/5152"}],"wp:attachment":[{"href":"https:\/\/www.swecobelgium.be\/fr\/wp-json\/wp\/v2\/media?parent=6532"}],"wp:term":[{"taxonomy":"showroom_cats","embeddable":true,"href":"https:\/\/www.swecobelgium.be\/fr\/wp-json\/wp\/v2\/showroom_cats?post=6532"},{"taxonomy":"showroom_expertise","embeddable":true,"href":"https:\/\/www.swecobelgium.be\/fr\/wp-json\/wp\/v2\/showroom_expertise?post=6532"},{"taxonomy":"showroom_partners","embeddable":true,"href":"https:\/\/www.swecobelgium.be\/fr\/wp-json\/wp\/v2\/showroom_partners?post=6532"},{"taxonomy":"showroom_location","embeddable":true,"href":"https:\/\/www.swecobelgium.be\/fr\/wp-json\/wp\/v2\/showroom_location?post=6532"},{"taxonomy":"showroom_client","embeddable":true,"href":"https:\/\/www.swecobelgium.be\/fr\/wp-json\/wp\/v2\/showroom_client?post=6532"}],"curies":[{"name":"wp","href":"https:\/\/api.w.org\/{rel}","templated":true}]}}

<section class="block showroom-intro " >
	<div class="showroom-intro__top">
		<img width="1680" height="800" src="https://www.swecobelgium.be/wp-content/uploads/sites/12/2021/05/Intro_kopie-1680x800.jpg" class="showroom-intro__bg-img" alt="" fetchpriority="high" decoding="async" sizes="(max-width: 767px) 1080px, 1920px" />			</div>

		
		<div class="showroom-intro__meta">
						<div class="showroom-intro__data">
							<div class="showroom-intro__item editor-content">
					<em>Parkconsult brochure</em>					<p><a href="https://www.swecobelgium.be/wp-content/uploads/sites/12/2021/06/parkconsult-brochure-fr.pdf" target="_blank">Parkconsult brochure</a><br></p>				</div>
					</div>
					</div>
	
</section>




<section class="block cb block--white" >
	<div class="block__inner cb__inner cb__inner--one">
	<div class="col--12 col--center col--wrapper">
		<div class="col col--6 editor-content">
			<h1>Parkconsult: solutions de stationnement intelligentes</h1>
<h3>Le stationnement. Un domaine où il faut réunir des connaissances sur la mobilité, l’aménagement du territoire, l’immobilier, l’architecture et l’infrastructure. Parkconsult en fait sa spécialité et conçoit, avec vous, les meilleures solutions de stationnement : innovantes, durables, conviviales mais aussi abordables sur le plan technique et financier.</h3>
<p>Nous accompagnons chaque phase du développement de nos conseils indépendants : de l’idée de départ à la maintenance en passant par la gestion. Et vous recueillez les fruits de <a href="https://www.swecobelgium.be/fr/transformation-numerique/">solutions intelligentes</a> couvrant tous les aspects du stationnement et les bénéfices d’une politique durable en la matière.</p>
<section class="section">
<div id="react_mc5XdhMEUECylw0qpyid7w">
<div class="textblockexpandable" data-reactroot="" data-reactid="1" data-react-checksum="-1571794775">
<div class="textblock" data-reactid="2">
<div class="textblockexpandable__content-container" data-reactid="5">
<div class="textblock__content" data-reactid="6">
<div class="textblockexpandable__text" data-reactid="7">
<div class="mainbody" data-reactid="8">
<p>S’attaquer efficacement aux problèmes de stationnement exige de les envisager à travers une vision globale. D’oser remettre en question ce qui semble aller de soi. Les meilleurs résultats sont atteints en mettant en œuvre différentes mesures sur la base d’une concertation avec toutes les parties concernées. Parce que tout le monde y gagne. Nos spécialistes du stationnement cherchent le bon équilibre entre tous les paramètres de la problématique du stationnement. Afin que la politique de stationnement choisie soit soutenue par l’exploitant, les autorités et les utilisateurs.</p>
<p><b>Études de stationnement<br />
</b>Sweco réalise pour vous des études de stationnement classiques. Avec Mobile Mapping, nous analysons la capacité et l’occupation de stationnement. Les résultats sont fournis dans des fichiers GIS. Pour que vous les complétiez et les traitiez à votre guise.</p>
<p><b>Politique et bilan de stationnement<br />
</b>Sur la base des principes du <a href="https://www.swecobelgium.be/fr/durabilite/">développement durable</a>, Sweco a développé un modèle de calcul de la demande de stationnement. Le concept de double usage y joue un rôle crucial : comment et dans quelle mesure différents publics cibles utilisent-ils les places de parking ? Le double usage permet en effet de planifier trente pour cent de places en moins. Résultats : gains d’espace et d’argent et hausse des recettes par place de stationnement. Nous avons étudié divers scénarios de politique de stationnement pour la ville de Vilvoorde. Certains d’entre eux prévoyaient un immeuble de parking souterrain. Outre l’impact sur la mobilité, nous étudions aussi la faisabilité technique et économique.</p>
<p><b>Norme de stationnement<br />
</b>De nombreuses villes et communes utilisent une norme de stationnement pour les nouveaux projets. Sweco en calcule les fondements scientifiques.</p>
<p><b>Conception de garages<br />
</b>Sweco se charge de la conception intégrale de parkings en surface, de garages souterrains et de parkings intégrés dans des bâtiments. Nous cherchons toujours à combiner idéalement l’exploitation de l’espace et le confort d’utilisation. Pour ce faire, nous utilisons la check-list de l’European Standard Parking Award (ESPA) pour évaluer les infrastructures de stationnement. Un exemple ? Sweco conçoit un parking pour quatre cents voitures sous la place Operaplein à Anvers. Nous accompagnons l’adjudication de la conception du projet. Nous étudions l’aménagement, la stabilité, les techniques architecturales et spéciales, comme la ventilation et les installations d’évacuation des fumées et de la chaleur.</p>
<p><b>Financement, gestion et exploitation<br />
</b>Vous gérez ou exploitez un parking ? Dès la phase de lancement, il importe de bien comprendre la faisabilité financière, les possibilités d’exploitation et les différents modes d’organisation d’un parking. Nous vous indiquons les tâches qu’il vaut mieux sous-traiter ou gérer vous-même. À la demande de ‘Kennisplatform Verkeer en Vervoer in Nederland’, nous avons rédigé une note de discussion sur la sous-traitance des tâches de parking. Nous y examinons le développement, la propriété, l’exploitation et la gestion de garages. Différentes communes belges et néerlandaises y ont souscrit.</p>
<p><b>Analyse coûts-bénéfices des infrastructures de stationnement<br />
</b>Sweco détermine la valeur d’un garage à l’aide d’un modèle de calcul qui tient compte des coûts de construction, de personnel et des frais généraux, ainsi que des recettes. Il en résulte un niveau de rentabilité que nous évaluons à l’aune de la hauteur de l’investissement. Et l’on vous montre l’impact de toute modification des paramètres.</p>
<p><b>Garages temporaires<br />
</b>Sweco recherche toujours des <a href="https://www.swecobelgium.be/fr/durabilite/">solutions durables</a> et novatrices. Avec Ballast Nedam, nous avons développé un garage démontable : 96 % des matériaux sont réutilisables ! Idéal comme solution temporaire de stationnement. Après usage, nous le démontons, vendons, louons ou montons à nouveau à un autre endroit.</p>
<p><b>Stationnement pour camions et vélos<br />
</b>Et quid des camions qui stationnent sur la voie publique le soir ou le week-end ? Aux mêmes moments, les parkings des terrains industriels sont généralement vides. La solution logique est de combiner les deux situations. La ville de Bruges a demandé à Sweco d’étudier comment offrir à ses habitants des parkings de vélos attrayants et sécurisés près de chez eux. Dans les ruelles étroites et les petites maisons de la ville, il n’est pas toujours possible de ranger son vélo. Nous avons analysé le problème et identifié les possibilités de parking supplémentaires.</p>
</div>
</div>
</div>
</div>
</div>
</div>
</div>
</section>
		</div>
	</div>
</div>
</section>


    <section class="block block--white contacts" >
        <div class="block__inner contacts__inner">
            <div class="col--11 col--wrapper col--stretch">
								                    <div class="col col--6 person person--card--img">
                        <div class="person__inner">
							<img loading="lazy" decoding="async" width="200" height="270" src="https://www.swecobelgium.be/wp-content/uploads/sites/12/2021/05/Stefaan-Lumen-low-res-1200-px_200x270.jpg" class="attachment-people-card size-people-card wp-post-image" alt="" srcset="https://www.swecobelgium.be/wp-content/uploads/sites/12/2021/05/Stefaan-Lumen-low-res-1200-px_200x270.jpg 200w, https://www.swecobelgium.be/wp-content/uploads/sites/12/2021/05/Stefaan-Lumen-low-res-1200-px_200x270-148x200.jpg 148w" sizes="auto, (max-width: 200px) 100vw, 200px" />                            <div class="person__content editor-content">
                                <p class="h4 hyphenate">Stefaan Lumen</p>                                <em>Team Manager Centrum</em>
																	<div class="person__contact">
																					<button class="btn btn__small btn__secondary contact-info-btn" data_contact-id="10338" data-email-subject="">Show contact information</button>
																			</div>
								                            </div>
                        </div>
                    </div>
				            </div>
        </div>
    </section>


    <section class="block block--white related-content" >
        <div class="block__inner related-content__inner">
            <div class="col--11 col--wrapper col--start col--stretch col--bottom ">
                                    <div class="col col--12 editor-content related-content__title">
                        <h3 class="h3 hyphenate">Projets associés</h3>                    </div>
                
                                    <div class="col col--4 item item--img">

                                                    <a href="https://www.swecobelgium.be/fr/projets/la-feuille-de-route-2030-pour-la-zone-de-transport-anvers/" title="La feuille de route 2030 pour la zone de transport Anvers" >
                                <div class="item__title">
                                    <p class="h4 hyphenate">La feuille de route 2030 pour la zone de transport Anvers</p>                                    <p class="item__title--info">
                                                                                                                                                            </p>
                                </div>
                                <figure class="item__image">
                                    <img loading="lazy" decoding="async" width="520" height="296" src="https://www.swecobelgium.be/wp-content/uploads/sites/12/2021/01/vervoerregio-antwerpen-1680x1000-1-520x296.jpg" class="attachment-insights-featured size-insights-featured" alt="" />                                </figure>
                            </a>
                        
                                            </div>
                                    <div class="col col--4 item item--img">

                                                    <a href="https://www.swecobelgium.be/fr/projets/amenagement-de-la-ligne-de-tram-9-et-reamenagement-de-lespace-public/" title="Aménagement de la ligne de tram 9 et réaménagement de l’espace public" >
                                <div class="item__title">
                                    <p class="h4 hyphenate">Aménagement de la ligne de tram 9 et réaménagement de l’espace public</p>                                    <p class="item__title--info">
                                                                                                                                                            </p>
                                </div>
                                <figure class="item__image">
                                    <img loading="lazy" decoding="async" width="520" height="296" src="https://www.swecobelgium.be/wp-content/uploads/sites/12/2021/05/TOM42117_2500-520x296.jpg" class="attachment-insights-featured size-insights-featured" alt="" />                                </figure>
                            </a>
                        
                                            </div>
                
                            </div>
        </div>
    </section>
